938538?
8
What is the millions digit of 4858542?
4
What is the hundreds digit of 1238271?
2
What is the thousands digit of 5224370?
4
What is the hundreds digit of 809482?
4
What is the millions digit of 3267611?
3
What is the thousands digit of 1162543?
2
What is the units digit of 212150?
0
What is the hundred thousands digit of 2551135?
5
What is the thousands digit of 513176?
3
What is the tens digit of 1172062?
6
What is the hundred thousands digit of 573511?
5
What is the hundreds digit of 170896?
8
What is the thousands digit of 1421916?
1
What is the hundred thousands digit of 627320?
6
What is the thousands digit of 722746?
2
What is the millions digit of 16817556?
6
What is the hundreds digit of 349404?
4
What is the ten millions digit of 27333047?
2
What is the millions digit of 11337103?
1
What is the ten thousands digit of 1763366?
6
What is the hundreds digit of 2668736?
7
What is the units digit of 51827?
7
What is the units digit of 79023?
3
What is the thousands digit of 2132688?
2
What is the tens digit of 1187241?
4
What is the units digit of 2680521?
1
What is the hundred thousands digit of 7213564?
2
What is the ten thousands digit of 918530?
1
What is the hundred thousands digit of 2534424?
5
What is the hundred thousands digit of 8804379?
8
What is the hundred thousands digit of 12661597?
6
What is the tens digit of 229556?
5
What is the units digit of 7881?
1
What is the hundreds digit of 3225069?
0
What is the hundred thousands digit of 171600?
1
What is the units digit of 246736?
6
What is the units digit of 163324?
4
What is the ten thousands digit of 2113539?
1
What is the ten thousands digit of 20563966?
6
What is the hundreds digit of 591074?
0
What is the millions digit of 1327672?
1
What is the hundreds digit of 3126528?
5
What is the tens digit of 599046?
4
What is the units digit of 1059795?
5
What is the hundreds digit of 339219?
2
What is the tens digit of 573922?
2
What is the millions digit of 3749522?
3
What is the ten thousands digit of 270499?
7
What is the ten thousands digit of 28238?
2
What is the thousands digit of 436482?
6
What is the hundred thousands digit of 1421253?
4
What is the ten millions digit of 10466805?
1
What is the hundred thousands digit of 270306?
2
What is the ten thousands digit of 420981?
2
What is the millions digit of 1165211?
1
What is the tens digit of 282017?
1
What is the thousands digit of 18846837?
6
What is the thousands digit of 115865?
5
What is the millions digit of 6040679?
6
What is the thousands digit of 277774?
7
What is the millions digit of 6310805?
6
What is the units digit of 12298199?
9
What is the thousands digit of 9273305?
3
What is the hundreds digit of 3841163?
1
What is the units digit of 14913389?
9
What is the thousands digit of 1438115?
8
What is the ten thousands digit of 608771?
0
What is the tens digit of 220834?
3
What is the hundreds digit of 118783?
7
What is the millions digit of 3010872?
3
What is the ten thousands digit of 1124588?
2
What is the hundreds digit of 1569528?
5
What is the units digit of 417959?
9
What is the hundred thousands digit of 488640?
4
What is the thousands digit of 5863798?
3
What is the tens digit of 2771548?
4
What is the units digit of 1406038?
8
What is the thousands digit of 2941033?
1
What is the thousands digit of 3737365?
7
What is the millions digit of 1775602?
1
What is the tens digit of 2660?
6
What is the tens digit of 153745?
4
What is the ten thousands digit of 213621?
1
What is the millions digit of 9789089?
9
What is the hundred thousands digit of 7160839?
1
What is the thousands digit of 362232?
2
What is the units digit of 57138?
8
What is the hundreds digit of 26114?
1
What is the hundreds digit of 6638034?
0
What is the hundreds digit of 486945?
9
What is the tens digit of 2283980?
8
What is the thousands digit of 155965?
5
What is the units digit of 2002046?
6
What is the hundreds digit of 177161?
1
What is the tens digit of 1353456?
5
What is the hundreds digit of 20081267?
2
What is the millions digit of 2412939?
2
What is the hundreds digit of 116238?
2
What is the ten thousands digit of 1760157?
6
What is the hundred thousands digit of 198670?
1
What is the millions digit of 3702598?
3
What is the thousands digit of 10548024?
8
What is the hundreds digit of 153477?
4
What is the ten thousands digit of 261349?
6
What is the hundred thousands digit of 2446999?
4
What is the hundreds digit of 10836239?
2
What is the units digit of 1172130?
0
What is the hundreds digit of 528359?
3
What is the hundreds digit of 516873?
8
What is the ten thousands digit of 3044201?
4
What is the units digit of 18658200?
0
What is the hundreds digit of 574876?
8
What is the tens digit of 867464?
6
What is the thousands digit of 715028?
5
What is the tens digit of 172567?
6
What is the thousands digit of 65794?
5
What is the hundreds digit of 376574?
5
What is the ten thousands digit of 8586780?
8
What is the ten thousands digit of 1514097?
1
What is the ten thousands digit of 28692908?
9
What is the hundreds digit of 4188777?
7
What is the tens digit of 6134944?
4
What is the hundred thousands digit of 888586?
8
What is the thousands digit of 1195342?
5
What is the thousands digit of 30236940?
6
What is the units digit of 94349?
9
What is the ten millions digit of 14522909?
1
What is the hundreds digit of 4611658?
6
What is the tens digit of 2203216?
1
What is the units digit of 2215571?
1
What is the hundreds digit of 511?
5
What is the units digit of 893372?
2
What is the units digit of 203261?
1
What is the hundreds digit of 2914280?
2
What is the ten thousands digit of 235420?
3
What is the units digit of 4945367?
7
What is the tens digit of 165328?
2
What is the units digit of 727147?
7
What is the tens digit of 440394?
9
What is the tens digit of 600115?
1
What is the hundred thousands digit of 272478?
2
What is the ten thousands digit of 1916344?
1
What is the hundreds digit of 92149?
1
What is the ten thousands digit of 133790?
3
What is the tens digit of 417081?
8
What is the millions digit of 8482904?
8
What is the hundred thousands digit of 6565972?
5
What is the ten thousands digit of 137892?
3
What is the millions digit of 4542763?
4
What is the hundred thousands digit of 1953858?
9
What is the hundred thousands digit of 15598949?
5
What is the hundred thousands digit of 262753?
2
What is the hundred thousands digit of 263425?
2
What is the millions digit of 1425982?
1
What is the tens digit of 717248?
4
What is the ten thousands digit of 29543?
2
What is the ten thousands digit of 4523944?
2
What is the tens digit of 7990061?
6
What is the millions digit of 2622640?
2
What is the units digit of 687059?
9
What is the units digit of 680121?
1
What is the thousands digit of 11079299?
9
What is the thousands digit of 5304623?
4
What is the thousands digit of 2312710?
2
What is the ten thousands digit of 1164125?
6
What is the millions digit of 8135764?
8
What is the thousands digit of 601475?
1
What is the tens digit of 15695395?
9
What is the hundred thousands digit of 716762?
7
What is the ten thousands digit of 6694072?
9
What is the tens digit of 127907?
0
What is the millions digit of 1087284?
1
What is the hundred thousands digit of 250840?
2
What is the hundreds digit of 11937080?
0
What is the thousands digit of 25094302?
4
What is the tens digit of 139538?
3
What is the hundred thousands digit of 295905?
2
What is the thousands digit of 15077089?
7
What is the tens digit of 17564742?
4
What is the units digit of 417644?
4
What is the units digit of 2698916?
6
What is the hundreds digit of 4826942?
9
What is the ten millions digit of 15698066?
1
What is the units digit of 3895412?
2
What is the units digit of 15059001?
1
What is the units digit of 18008?
8
What is the tens digit of 510534?
3
What is the units digit of 401144?
4
What is the tens digit of 11019491?
9
What is the thousands digit of 63818?
3
What is the hundreds digit of 461352?
3
What is the hundred thousands digit of 19930550?
9
What is the millions digit of 9504207?
9
What is the hundreds digit of 17374?
3
What is the thousands digit of 196031?
6
What is the ten thousands digit of 274984?
7
What is the millions digit of 298323